{"id":96,"date":"2025-11-11T13:24:15","date_gmt":"2025-11-11T12:24:15","guid":{"rendered":"https:\/\/skolander.lennartoester.dk\/index.php\/vi-tilbyder-udlejning\/"},"modified":"2026-01-11T13:48:34","modified_gmt":"2026-01-11T12:48:34","slug":"vi-tilbyder-udlejning","status":"publish","type":"page","link":"https:\/\/skolander.lennartoester.dk\/index.php\/vi-tilbyder-udlejning\/","title":{"rendered":"Vi tilbyder &#8211; Udlejning"},"content":{"rendered":"\t\t<div data-elementor-type=\"wp-page\" data-elementor-id=\"96\" class=\"elementor elementor-96\" data-elementor-post-type=\"page\">\n\t\t\t\t<div class=\"elementor-element elementor-element-36539119 e-flex e-con-boxed e-con e-parent\" data-id=\"36539119\" data-element_type=\"container\" data-settings=\"{&quot;background_background&quot;:&quot;classic&quot;}\">\n\t\t\t\t\t<div class=\"e-con-inner\">\n\t\t<div class=\"elementor-element elementor-element-3ff336c7 e-con-full e-flex e-con e-child\" data-id=\"3ff336c7\" data-element_type=\"container\">\n\t\t\t\t<div class=\"elementor-element elementor-element-5c416f6d elementor-widget elementor-widget-heading\" data-id=\"5c416f6d\" data-element_type=\"widget\" data-widget_type=\"heading.default\">\n\t\t\t\t\t<h5 class=\"elementor-heading-title elementor-size-default\">Skolander Event - udlejning<\/h5>\t\t\t\t<\/div>\n\t\t\t\t<div class=\"elementor-element elementor-element-713b4833 elementor-widget__width-initial elementor-widget elementor-widget-heading\" data-id=\"713b4833\" data-element_type=\"widget\" data-widget_type=\"heading.default\">\n\t\t\t\t\t<h2 class=\"elementor-heading-title elementor-size-default\">Lyd, lys m.m. til dit event<\/h2>\t\t\t\t<\/div>\n\t\t\t\t<div class=\"elementor-element elementor-element-3569caca elementor-widget elementor-widget-text-editor\" data-id=\"3569caca\" data-element_type=\"widget\" data-widget_type=\"text-editor.default\">\n\t\t\t\t\t\t\t\t\t<p>Vi tilbyder forskellige muligheder til b\u00e5de private og erhverv for at g\u00f8re dit arrangement mindev\u00e6rdigt.<\/p>\t\t\t\t\t\t\t\t<\/div>\n\t\t<div class=\"elementor-element elementor-element-44199d03 e-con-full e-flex e-con e-child\" data-id=\"44199d03\" data-element_type=\"container\">\n\t\t\t\t<div class=\"elementor-element elementor-element-442d8a41 elementor-widget__width-auto elementor-mobile-align-right elementor-widget elementor-widget-button\" data-id=\"442d8a41\" data-element_type=\"widget\" data-widget_type=\"button.default\">\n\t\t\t\t\t\t\t\t\t\t<a class=\"elementor-button elementor-button-link elementor-size-sm\" href=\"#\">\n\t\t\t\t\t\t<span class=\"elementor-button-content-wrapper\">\n\t\t\t\t\t\t\t\t\t<span class=\"elementor-button-text\">Se inventar liste (pdf)<\/span>\n\t\t\t\t\t<\/span>\n\t\t\t\t\t<\/a>\n\t\t\t\t\t\t\t\t<\/div>\n\t\t\t\t<div class=\"elementor-element elementor-element-370f5580 elementor-widget__width-auto elementor-mobile-align-right elementor-widget elementor-widget-button\" data-id=\"370f5580\" data-element_type=\"widget\" data-widget_type=\"button.default\">\n\t\t\t\t\t\t\t\t\t\t<a class=\"elementor-button elementor-button-link elementor-size-sm\" href=\"\/kontakt\">\n\t\t\t\t\t\t<span class=\"elementor-button-content-wrapper\">\n\t\t\t\t\t\t\t\t\t<span class=\"elementor-button-text\">Kontakt os<\/span>\n\t\t\t\t\t<\/span>\n\t\t\t\t\t<\/a>\n\t\t\t\t\t\t\t\t<\/div>\n\t\t\t\t<\/div>\n\t\t\t\t<\/div>\n\t\t\t\t\t<\/div>\n\t\t\t\t<\/div>\n\t\t<div class=\"elementor-element elementor-element-1eabff89 e-flex e-con-boxed e-con e-parent\" data-id=\"1eabff89\" data-element_type=\"container\">\n\t\t\t\t\t<div class=\"e-con-inner\">\n\t\t<div class=\"elementor-element elementor-element-92a2c84 e-con-full e-flex e-con e-child\" data-id=\"92a2c84\" data-element_type=\"container\">\n\t\t\t\t<div class=\"elementor-element elementor-element-be5357f elementor-widget elementor-widget-heading\" data-id=\"be5357f\" data-element_type=\"widget\" data-widget_type=\"heading.default\">\n\t\t\t\t\t<h2 class=\"elementor-heading-title elementor-size-default\">Muligheder<\/h2>\t\t\t\t<\/div>\n\t\t\t\t<div class=\"elementor-element elementor-element-0935d04 elementor-widget__width-initial elementor-widget elementor-widget-heading\" data-id=\"0935d04\" data-element_type=\"widget\" data-widget_type=\"heading.default\">\n\t\t\t\t\t<h5 class=\"elementor-heading-title elementor-size-default\">H\u00f8jtaler, Diskolys, Mikser, storsk\u00e6rm m.m.<\/h5>\t\t\t\t<\/div>\n\t\t\t\t<\/div>\n\t\t<div class=\"elementor-element elementor-element-8e90a2a e-con-full e-flex e-con e-child\" data-id=\"8e90a2a\" data-element_type=\"container\">\n\t\t\t\t<div class=\"elementor-element elementor-element-7340c02b elementor-widget-tablet__width-initial elementor-widget-mobile__width-inherit elementor-widget__width-initial elementor-position-top elementor-widget elementor-widget-image-box\" data-id=\"7340c02b\" data-element_type=\"widget\" data-widget_type=\"image-box.default\">\n\t\t\t\t\t<div class=\"elementor-image-box-wrapper\"><figure class=\"elementor-image-box-img\"><img fetchpriority=\"high\" decoding=\"async\" width=\"2048\" height=\"1152\" src=\"https:\/\/skolander.lennartoester.dk\/wp-content\/uploads\/2026\/01\/udlejning1.jpg\" class=\"elementor-animation-grow attachment-full size-full wp-image-505\" alt=\"\" srcset=\"https:\/\/skolander.lennartoester.dk\/wp-content\/uploads\/2026\/01\/udlejning1.jpg 2048w, https:\/\/skolander.lennartoester.dk\/wp-content\/uploads\/2026\/01\/udlejning1-300x169.jpg 300w, https:\/\/skolander.lennartoester.dk\/wp-content\/uploads\/2026\/01\/udlejning1-1024x576.jpg 1024w, https:\/\/skolander.lennartoester.dk\/wp-content\/uploads\/2026\/01\/udlejning1-768x432.jpg 768w, https:\/\/skolander.lennartoester.dk\/wp-content\/uploads\/2026\/01\/udlejning1-1536x864.jpg 1536w\" sizes=\"(max-width: 2048px) 100vw, 2048px\" \/><\/figure><div class=\"elementor-image-box-content\"><h4 class=\"elementor-image-box-title\">Dry hire<\/h4><p class=\"elementor-image-box-description\">Dry hire\nDu afhenter selv udstyret og returnerer det selv efter brug\n\nELLER,\nVi kan klare det hele for dig! \nMed et stort netv\u00e6rk i ryggen kan vi klare alt til dit event.<\/p><\/div><\/div>\t\t\t\t<\/div>\n\t\t\t\t<div class=\"elementor-element elementor-element-1e03d873 elementor-widget-tablet__width-initial elementor-widget-mobile__width-inherit elementor-widget__width-initial elementor-position-top elementor-widget elementor-widget-image-box\" data-id=\"1e03d873\" data-element_type=\"widget\" data-widget_type=\"image-box.default\">\n\t\t\t\t\t<div class=\"elementor-image-box-wrapper\"><figure class=\"elementor-image-box-img\"><img decoding=\"async\" width=\"810\" height=\"609\" src=\"https:\/\/skolander.lennartoester.dk\/wp-content\/uploads\/2026\/01\/484164421_3364629213667793_7186011176642637087_n.jpg\" class=\"elementor-animation-grow attachment-full size-full wp-image-506\" alt=\"\" srcset=\"https:\/\/skolander.lennartoester.dk\/wp-content\/uploads\/2026\/01\/484164421_3364629213667793_7186011176642637087_n.jpg 810w, https:\/\/skolander.lennartoester.dk\/wp-content\/uploads\/2026\/01\/484164421_3364629213667793_7186011176642637087_n-300x226.jpg 300w, https:\/\/skolander.lennartoester.dk\/wp-content\/uploads\/2026\/01\/484164421_3364629213667793_7186011176642637087_n-768x577.jpg 768w\" sizes=\"(max-width: 810px) 100vw, 810px\" \/><\/figure><div class=\"elementor-image-box-content\"><h4 class=\"elementor-image-box-title\">50\/50<\/h4><p class=\"elementor-image-box-description\">Du s\u00e6tter selv alt udstyret op og afvikler dit arrangement, dog s\u00f8rger vi b\u00e5de for levering og afhentning<\/p><\/div><\/div>\t\t\t\t<\/div>\n\t\t\t\t<div class=\"elementor-element elementor-element-530f664d elementor-widget-tablet__width-initial elementor-widget-mobile__width-inherit elementor-widget__width-initial elementor-position-top elementor-widget elementor-widget-image-box\" data-id=\"530f664d\" data-element_type=\"widget\" data-widget_type=\"image-box.default\">\n\t\t\t\t\t<div class=\"elementor-image-box-wrapper\"><figure class=\"elementor-image-box-img\"><img decoding=\"async\" width=\"2048\" height=\"1152\" src=\"https:\/\/skolander.lennartoester.dk\/wp-content\/uploads\/2026\/01\/606827460_1460515466083551_8019447416344876670_n.jpg\" class=\"elementor-animation-grow attachment-full size-full wp-image-478\" alt=\"\" srcset=\"https:\/\/skolander.lennartoester.dk\/wp-content\/uploads\/2026\/01\/606827460_1460515466083551_8019447416344876670_n.jpg 2048w, https:\/\/skolander.lennartoester.dk\/wp-content\/uploads\/2026\/01\/606827460_1460515466083551_8019447416344876670_n-300x169.jpg 300w, https:\/\/skolander.lennartoester.dk\/wp-content\/uploads\/2026\/01\/606827460_1460515466083551_8019447416344876670_n-1024x576.jpg 1024w, https:\/\/skolander.lennartoester.dk\/wp-content\/uploads\/2026\/01\/606827460_1460515466083551_8019447416344876670_n-768x432.jpg 768w, https:\/\/skolander.lennartoester.dk\/wp-content\/uploads\/2026\/01\/606827460_1460515466083551_8019447416344876670_n-1536x864.jpg 1536w\" sizes=\"(max-width: 2048px) 100vw, 2048px\" \/><\/figure><div class=\"elementor-image-box-content\"><h4 class=\"elementor-image-box-title\">25\/75<\/h4><p class=\"elementor-image-box-description\">Det eneste du selv skal g\u00f8re er, at afvikle dit arrangement. Vi s\u00f8rger for levering af udstyr,\nopstilling til dit arrangement, at pille det hele ned igen<\/p><\/div><\/div>\t\t\t\t<\/div>\n\t\t\t\t<\/div>\n\t\t<div class=\"elementor-element elementor-element-499bcff0 e-con-full e-flex e-con e-child\" data-id=\"499bcff0\" data-element_type=\"container\">\n\t\t\t\t<div class=\"elementor-element elementor-element-c35fc1a elementor-arrows-position-inside elementor-pagination-position-outside elementor-widget elementor-widget-image-carousel\" data-id=\"c35fc1a\" data-element_type=\"widget\" data-settings=\"{&quot;slides_to_show&quot;:&quot;6&quot;,&quot;navigation&quot;:&quot;both&quot;,&quot;autoplay&quot;:&quot;yes&quot;,&quot;pause_on_hover&quot;:&quot;yes&quot;,&quot;pause_on_interaction&quot;:&quot;yes&quot;,&quot;autoplay_speed&quot;:5000,&quot;infinite&quot;:&quot;yes&quot;,&quot;speed&quot;:500}\" data-widget_type=\"image-carousel.default\">\n\t\t\t\t\t\t\t<div class=\"elementor-image-carousel-wrapper swiper\" role=\"region\" aria-roledescription=\"carousel\" aria-label=\"Billedkarussel\" dir=\"ltr\">\n\t\t\t<div class=\"elementor-image-carousel swiper-wrapper\" aria-live=\"off\">\n\t\t\t\t\t\t\t\t<div class=\"swiper-slide\" role=\"group\" aria-roledescription=\"slide\" aria-label=\"1 of 3\"><figure class=\"swiper-slide-inner\"><img decoding=\"async\" class=\"swiper-slide-image\" src=\"https:\/\/skolander.lennartoester.dk\/wp-content\/uploads\/2026\/01\/udlejning-150x150.jpg\" alt=\"udlejning\" \/><\/figure><\/div><div class=\"swiper-slide\" role=\"group\" aria-roledescription=\"slide\" aria-label=\"2 of 3\"><figure class=\"swiper-slide-inner\"><img decoding=\"async\" class=\"swiper-slide-image\" src=\"https:\/\/skolander.lennartoester.dk\/wp-content\/uploads\/2025\/12\/489951756_1220556103412823_6724506064441931497_n-150x150.jpg\" alt=\"489951756_1220556103412823_6724506064441931497_n\" \/><\/figure><\/div><div class=\"swiper-slide\" role=\"group\" aria-roledescription=\"slide\" aria-label=\"3 of 3\"><figure class=\"swiper-slide-inner\"><img decoding=\"async\" class=\"swiper-slide-image\" src=\"https:\/\/skolander.lennartoester.dk\/wp-content\/uploads\/2025\/12\/497357264_1253308310137602_8461021112385428355_n-150x150.jpg\" alt=\"497357264_1253308310137602_8461021112385428355_n\" \/><\/figure><\/div>\t\t\t<\/div>\n\t\t\t\t\t\t\t\t\t\t\t\t<div class=\"elementor-swiper-button elementor-swiper-button-prev\" role=\"button\" tabindex=\"0\">\n\t\t\t\t\t\t<svg aria-hidden=\"true\" class=\"e-font-icon-svg e-eicon-chevron-left\" viewBox=\"0 0 1000 1000\" xmlns=\"http:\/\/www.w3.org\/2000\/svg\"><path d=\"M646 125C629 125 613 133 604 142L308 442C296 454 292 471 292 487 292 504 296 521 308 533L604 854C617 867 629 875 646 875 663 875 679 871 692 858 704 846 713 829 713 812 713 796 708 779 692 767L438 487 692 225C700 217 708 204 708 187 708 171 704 154 692 142 675 129 663 125 646 125Z\"><\/path><\/svg>\t\t\t\t\t<\/div>\n\t\t\t\t\t<div class=\"elementor-swiper-button elementor-swiper-button-next\" role=\"button\" tabindex=\"0\">\n\t\t\t\t\t\t<svg aria-hidden=\"true\" class=\"e-font-icon-svg e-eicon-chevron-right\" viewBox=\"0 0 1000 1000\" xmlns=\"http:\/\/www.w3.org\/2000\/svg\"><path d=\"M696 533C708 521 713 504 713 487 713 471 708 454 696 446L400 146C388 133 375 125 354 125 338 125 325 129 313 142 300 154 292 171 292 187 292 204 296 221 308 233L563 492 304 771C292 783 288 800 288 817 288 833 296 850 308 863 321 871 338 875 354 875 371 875 388 867 400 854L696 533Z\"><\/path><\/svg>\t\t\t\t\t<\/div>\n\t\t\t\t\n\t\t\t\t\t\t\t\t\t<div class=\"swiper-pagination\"><\/div>\n\t\t\t\t\t\t\t\t\t<\/div>\n\t\t\t\t\t\t<\/div>\n\t\t\t\t<\/div>\n\t\t<div class=\"elementor-element elementor-element-21d79c9 e-con-full e-flex e-con e-child\" data-id=\"21d79c9\" data-element_type=\"container\">\n\t\t\t\t<div class=\"elementor-element elementor-element-75f5cd9 elementor-widget elementor-widget-heading\" data-id=\"75f5cd9\" data-element_type=\"widget\" data-widget_type=\"heading.default\">\n\t\t\t\t\t<h2 class=\"elementor-heading-title elementor-size-default\">Eller v\u00e6lg teamet<\/h2>\t\t\t\t<\/div>\n\t\t\t\t<div class=\"elementor-element elementor-element-f179154 elementor-widget__width-initial elementor-widget elementor-widget-heading\" data-id=\"f179154\" data-element_type=\"widget\" data-widget_type=\"heading.default\">\n\t\t\t\t\t<h5 class=\"elementor-heading-title elementor-size-default\"><a href=\"index.php\/vi-tilbyder-total-fest\/\">Vi kan klare det hele for dig! \nMed et stort netv\u00e6rk i ryggen kan vi klare alt til dit event. Klik for at l\u00e6se mere her...<\/a><\/h5>\t\t\t\t<\/div>\n\t\t\t\t<\/div>\n\t\t\t\t\t<\/div>\n\t\t\t\t<\/div>\n\t\t\t\t<\/div>\n\t\t","protected":false},"excerpt":{"rendered":"<p>Skolander Event &#8211; udlejning Lyd, lys m.m. til dit event Vi tilbyder forskellige muligheder til b\u00e5de private og erhverv for at g\u00f8re dit arrangement mindev\u00e6rdigt. Se inventar liste (pdf) Kontakt os Muligheder H\u00f8jtaler, Diskolys, Mikser, storsk\u00e6rm m.m. Dry hire Dry hire Du afhenter selv udstyret og returnerer det selv efter brug ELLER, Vi kan klare [&hellip;]<\/p>\n","protected":false},"author":1,"featured_media":0,"parent":0,"menu_order":0,"comment_status":"closed","ping_status":"closed","template":"","meta":{"footnotes":""},"class_list":["post-96","page","type-page","status-publish","hentry"],"_links":{"self":[{"href":"https:\/\/skolander.lennartoester.dk\/index.php\/wp-json\/wp\/v2\/pages\/96","targetHints":{"allow":["GET"]}}],"collection":[{"href":"https:\/\/skolander.lennartoester.dk\/index.php\/wp-json\/wp\/v2\/pages"}],"about":[{"href":"https:\/\/skolander.lennartoester.dk\/index.php\/wp-json\/wp\/v2\/types\/page"}],"author":[{"embeddable":true,"href":"https:\/\/skolander.lennartoester.dk\/index.php\/wp-json\/wp\/v2\/users\/1"}],"replies":[{"embeddable":true,"href":"https:\/\/skolander.lennartoester.dk\/index.php\/wp-json\/wp\/v2\/comments?post=96"}],"version-history":[{"count":31,"href":"https:\/\/skolander.lennartoester.dk\/index.php\/wp-json\/wp\/v2\/pages\/96\/revisions"}],"predecessor-version":[{"id":528,"href":"https:\/\/skolander.lennartoester.dk\/index.php\/wp-json\/wp\/v2\/pages\/96\/revisions\/528"}],"wp:attachment":[{"href":"https:\/\/skolander.lennartoester.dk\/index.php\/wp-json\/wp\/v2\/media?parent=96"}],"curies":[{"name":"wp","href":"https:\/\/api.w.org\/{rel}","templated":true}]}}