{"id":82,"date":"2025-11-11T13:24:05","date_gmt":"2025-11-11T12:24:05","guid":{"rendered":"https:\/\/skolander.lennartoester.dk\/index.php\/vi-tilbyder-storskaerm\/"},"modified":"2026-01-10T17:33:57","modified_gmt":"2026-01-10T16:33:57","slug":"vi-tilbyder-storskaerm","status":"publish","type":"page","link":"https:\/\/skolander.lennartoester.dk\/index.php\/vi-tilbyder-storskaerm\/","title":{"rendered":"Vi tilbyder &#8211; Storsk\u00e6rm"},"content":{"rendered":"\t\t<div data-elementor-type=\"wp-page\" data-elementor-id=\"82\" class=\"elementor elementor-82\" data-elementor-post-type=\"page\">\n\t\t\t\t<div class=\"elementor-element elementor-element-333948b7 e-flex e-con-boxed e-con e-parent\" data-id=\"333948b7\" data-element_type=\"container\" data-settings=\"{&quot;background_background&quot;:&quot;classic&quot;}\">\n\t\t\t\t\t<div class=\"e-con-inner\">\n\t\t<div class=\"elementor-element elementor-element-25515e88 e-con-full e-flex e-con e-child\" data-id=\"25515e88\" data-element_type=\"container\">\n\t\t\t\t<div class=\"elementor-element elementor-element-ad8ac24 elementor-widget elementor-widget-heading\" data-id=\"ad8ac24\" data-element_type=\"widget\" data-widget_type=\"heading.default\">\n\t\t\t\t\t<h2 class=\"elementor-heading-title elementor-size-default\">Storsk\u00e6rme til enhver lejlighed<\/h2>\t\t\t\t<\/div>\n\t\t\t\t<div class=\"elementor-element elementor-element-4e7e8d9c elementor-widget elementor-widget-text-editor\" data-id=\"4e7e8d9c\" data-element_type=\"widget\" data-widget_type=\"text-editor.default\">\n\t\t\t\t\t\t\t\t\t<p>Fang \u00f8jeblikket med et klart billede<\/p>\t\t\t\t\t\t\t\t<\/div>\n\t\t\t\t<\/div>\n\t\t\t\t\t<\/div>\n\t\t\t\t<\/div>\n\t\t<div class=\"elementor-element elementor-element-1a98462a e-flex e-con-boxed e-con e-parent\" data-id=\"1a98462a\" data-element_type=\"container\" data-settings=\"{&quot;background_background&quot;:&quot;classic&quot;}\">\n\t\t\t\t\t<div class=\"e-con-inner\">\n\t\t<div class=\"elementor-element elementor-element-67ec5dfc e-con-full e-flex e-con e-child\" data-id=\"67ec5dfc\" data-element_type=\"container\">\n\t\t\t\t<div class=\"elementor-element elementor-element-429a9bdc elementor-widget elementor-widget-image\" data-id=\"429a9bdc\" data-element_type=\"widget\" data-widget_type=\"image.default\">\n\t\t\t\t\t\t\t\t\t\t\t\t\t\t\t<img fetchpriority=\"high\" decoding=\"async\" width=\"800\" height=\"450\" src=\"https:\/\/skolander.lennartoester.dk\/wp-content\/uploads\/2025\/12\/496943509_1253308276804272_1214058768172124315_n-1024x576.jpg\" class=\"attachment-large size-large wp-image-394\" alt=\"\" srcset=\"https:\/\/skolander.lennartoester.dk\/wp-content\/uploads\/2025\/12\/496943509_1253308276804272_1214058768172124315_n-1024x576.jpg 1024w, https:\/\/skolander.lennartoester.dk\/wp-content\/uploads\/2025\/12\/496943509_1253308276804272_1214058768172124315_n-300x169.jpg 300w, https:\/\/skolander.lennartoester.dk\/wp-content\/uploads\/2025\/12\/496943509_1253308276804272_1214058768172124315_n-768x432.jpg 768w, https:\/\/skolander.lennartoester.dk\/wp-content\/uploads\/2025\/12\/496943509_1253308276804272_1214058768172124315_n-1536x864.jpg 1536w, https:\/\/skolander.lennartoester.dk\/wp-content\/uploads\/2025\/12\/496943509_1253308276804272_1214058768172124315_n.jpg 2048w\" sizes=\"(max-width: 800px) 100vw, 800px\" \/>\t\t\t\t\t\t\t\t\t\t\t\t\t\t\t<\/div>\n\t\t\t\t<\/div>\n\t\t<div class=\"elementor-element elementor-element-f93c8d1 e-con-full e-flex e-con e-child\" data-id=\"f93c8d1\" data-element_type=\"container\">\n\t\t\t\t<div class=\"elementor-element elementor-element-252b7c9c elementor-widget elementor-widget-heading\" data-id=\"252b7c9c\" data-element_type=\"widget\" data-widget_type=\"heading.default\">\n\t\t\t\t\t<h2 class=\"elementor-heading-title elementor-size-default\">Vores LED-Sk\u00e6rme<\/h2>\t\t\t\t<\/div>\n\t\t\t\t<div class=\"elementor-element elementor-element-df85010 elementor-widget elementor-widget-text-editor\" data-id=\"df85010\" data-element_type=\"widget\" data-widget_type=\"text-editor.default\">\n\t\t\t\t\t\t\t\t\t<p>Vi tilbyder en bred vifte af storsk\u00e6rmsl\u00f8sninger, der tilpasses dine behov, uanset om det er til private fester eller store erhvervsevents. Vi har alt, hvad du skal bruge i LED-sk\u00e6rme til inde og udend\u00f8rs brug.<\/p><p>Vores tjenester inkluderer alt fra professionel videovisning til imponerende lys- og lyddesign. Uanset hvad du har brug for, er vi her for at sikre, at din event fungerer glat og efterlader et varigt indtryk. For os er sikkerhed og kvalitet en prioritet, og vi leverer altid det bedste udstyr og service.<\/p>\t\t\t\t\t\t\t\t<\/div>\n\t\t\t\t<\/div>\n\t\t\t\t\t<\/div>\n\t\t\t\t<\/div>\n\t\t\t\t<\/div>\n\t\t","protected":false},"excerpt":{"rendered":"<p>Storsk\u00e6rme til enhver lejlighed Fang \u00f8jeblikket med et klart billede Vores LED-Sk\u00e6rme Vi tilbyder en bred vifte af storsk\u00e6rmsl\u00f8sninger, der tilpasses dine behov, uanset om det er til private fester eller store erhvervsevents. Vi har alt, hvad du skal bruge i LED-sk\u00e6rme til inde og udend\u00f8rs brug. Vores tjenester inkluderer alt fra professionel videovisning til [&hellip;]<\/p>\n","protected":false},"author":1,"featured_media":0,"parent":0,"menu_order":0,"comment_status":"closed","ping_status":"closed","template":"","meta":{"footnotes":""},"class_list":["post-82","page","type-page","status-publish","hentry"],"_links":{"self":[{"href":"https:\/\/skolander.lennartoester.dk\/index.php\/wp-json\/wp\/v2\/pages\/82","targetHints":{"allow":["GET"]}}],"collection":[{"href":"https:\/\/skolander.lennartoester.dk\/index.php\/wp-json\/wp\/v2\/pages"}],"about":[{"href":"https:\/\/skolander.lennartoester.dk\/index.php\/wp-json\/wp\/v2\/types\/page"}],"author":[{"embeddable":true,"href":"https:\/\/skolander.lennartoester.dk\/index.php\/wp-json\/wp\/v2\/users\/1"}],"replies":[{"embeddable":true,"href":"https:\/\/skolander.lennartoester.dk\/index.php\/wp-json\/wp\/v2\/comments?post=82"}],"version-history":[{"count":19,"href":"https:\/\/skolander.lennartoester.dk\/index.php\/wp-json\/wp\/v2\/pages\/82\/revisions"}],"predecessor-version":[{"id":462,"href":"https:\/\/skolander.lennartoester.dk\/index.php\/wp-json\/wp\/v2\/pages\/82\/revisions\/462"}],"wp:attachment":[{"href":"https:\/\/skolander.lennartoester.dk\/index.php\/wp-json\/wp\/v2\/media?parent=82"}],"curies":[{"name":"wp","href":"https:\/\/api.w.org\/{rel}","templated":true}]}}